 of l(t).
3, 29
Suppose -4*i - 8 = 0, -5*h - 2*i + i + 1158 = 0. Let l be -2*h/32*(-60)/2. Suppose d + 2*t = 93, -l = -5*d - 6*t + 2*t. What are the prime factors of d?
83
Let n = 59 + -57. Suppose 0 = -n*o + o + 5*t + 274, 5*o - t - 1250 = 0. What are the prime factors of o?
3, 83
What are the prime factors of -11 + 13/(156/28416)?
2357
Let v = 540 - 537. Suppose l - v*l + 1570 = -2*q, -4*q + 3925 = 5*l. List the prime factors of l.
5, 157
Let n = 490 + -490. Suppose 11*o + n*o = 7447. What are the prime factors of o?
677
Suppose -3*q - 20680 = -p, 2*p - 41180 - 144 = -3*q. List the prime factors of p.
2, 5167
Let r = -61 + 70. What are the prime factors of -3*305/r*-3?
5, 61
Let i(a) = -5*a - 46. Let h be i(-8). What are the prime factors of 154060/155 - h/93?
2, 7, 71
Let x = -13 + 18. Suppose y - 28 = x*y. List the prime factors of (206/(-14) - (-2)/y)*-1.
3, 5
Let s = -16 - -16. List the prime factors of (-5 - (-46 - s))*13.
13, 41
What are the prime factors of (-40)/(-5 - -9) + 6047 + (-4 - -1)?
2, 7, 431
Let n(u) = 7*u**2 - 3*u + 12. Let v(o) = -3*o + 19. Let l be v(5). Suppose 2*d - 2*q - l - 6 = 0, 6 = -3*q. What are the prime factors of n(d)?
2, 3, 11
Let v(n) = 305*n - 1441. List the prime factors of v(13).
2, 631
Suppose -611 = -z + 3*j, -3*z = j + 429 - 2292. What are the prime factors of z?
2, 5, 31
Let g = 8 + -4. Let f be 120/12*(-10)/(-25). Suppose 3 - 373 = -5*j + g*k, -f*k - 20 = 0. What are the prime factors of j?
2, 5, 7
Let i(l) = -47*l - 6. Let g be ((-4)/(0 + 4/(-6)))/(-1). List the prime factors of i(g).
2, 3, 23
Suppose -2*o + 2 - 122 = 0. Let d = 40 + o. List the prime factors of d/(-35) - 818/(-14).
59
Let h(y) = 107 - 209*y - 207 + 98. What are the prime factors of h(-1)?
3, 23
Suppose 5*r + 2*r = 35. Suppose -3*d = r*b - 26 + 85, 3*d - 41 = 5*b. What are the prime factors of ((-65)/b - 2)/(3/66)?
3, 11
Let n be 16/(-4)*(-45)/12. Let l(u) = -2*u**2 + 36*u + 12. Let d be l(n). Suppose -333 = -2*t - 3*a, 4*t + 5*a - 565 = d. What are the prime factors of t?
2, 3, 7
List the prime factors of ((-2264918)/381)/((-2)/24).
2, 37, 241
Suppose -6*t + 6 = -6. Suppose 2*j + t*z = -452, 5*z - 1130 = 4*j + j. List the prime factors of 96/120 + j/(-5).
2, 23
Suppose 0 = 14*z - 15*z - s + 288, -2*s = -3*z + 859. Let p = z - 8. What are the prime factors of p?
3, 31
Suppose 1389026 = 213*h - 693049. List the prime factors of h.
5, 17, 23
Let m(l) = l**3 + 5*l**2 - l + 31. Let w be (0 - (-3)/6)/((-2)/28). Let u be m(w). Let a = -56 - u. What are the prime factors of a?
2
Suppose 0 = 4*l + 16, 0*l = -3*f + l + 7. Suppose -x + f = -1. Let p(q) = 24*q**3 - 2*q**2 - 2*q + 3. What are the prime factors of p(x)?
3, 61
List the prime factors of (6/14 + 104/280)/(12/595890).
2, 3, 2207
What are the prime factors of (8 + 735/(-30))*2130/(-9)?
5, 11, 71
Suppose 151*l + 95128 = 155*l + 4*a, -3*l + a = -71322. What are the prime factors of l?
2, 743
Let d = -10585 + 16731. List the prime factors of d.
2, 7, 439
Let j(v) = -417*v + 789. What are the prime factors of j(-23)?
2, 3, 5, 173
Let h = -52191 - -80969. What are the prime factors of h?
2, 14389
Let c(s) = 701*s**2 + 14*s + 2. Let r(p) = -703*p**2 - 16*p - 3. Let b(f) = 7*c(f) + 6*r(f). List the prime factors of b(-1).
683
Suppose 0 = -20*u + 64 - 4. What are the prime factors of u/((-24)/(-4696)) - 7?
2, 5, 29
Suppose 50 = -16*j + 258. Suppose 2533 = j*v + 4*v. List the prime factors of v.
149
Suppose 0 = -0*u - 2*u + 6. Let i be 4/(-6) - (-323)/57. Suppose -5*j = -i*s + 380, 0*s = 3*s + u*j - 222. List the prime factors of s.
3, 5
Let l be 9 - (0/(-3) - -11). What are the prime factors of (-61*(-4)/4)/(l/(-56))?
2, 7, 61
Let i be (34/(-68))/(1/(-94)). Suppose 2*a - 3*a + 116 = 0. Let h = a - i. What are the prime factors of h?
3, 23
Suppose 6*b - w = 3*b + 6833, -5*w - 10 = 0. List the prime factors of (8/(-6))/((-46)/b).
2, 3, 11
Suppose 223 = -6*x + 817. Let u = x - 208. Let s = -64 - u. List the prime factors of s.
3, 5
Let z(b) = 2*b + 24. Let q be z(-12). Suppose -f = 5*m - 21, -2*f + 0*m - m - 3 = q. Let w(h) = -8*h + 3. What are the prime factors of w(f)?
5, 7
Let d(q) = 4*q**2 + 23. Let y(k) = -2*k**3 - 27*k**2 + 13*k - 10. Let z be y(-14). List the prime factors of d(z).
3, 29
Let b be (-5481)/28 + 5 + (-6)/(-8). What are the prime factors of (19/(b/4))/((-1)/930)?
2, 3, 31
Suppose u - 114839 = -5*q, 150*u = 148*u - 12. What are the prime factors of q?
103, 223
Let k = 2733 - 999. List the prime factors of k.
2, 3, 17
Let j be (-19 + 20)/(2/202). What are the prime factors of (21 - 18)/(1/j)?
3, 101
Let v = 29947 + -10219. What are the prime factors of v?
2, 3, 137
Suppose -5*t - 100 - 50 = 0. List the prime factors of (t/(-60))/(1/828).
2, 3, 23
Let i(m) be the first derivative of 2*m**3/3 - 9*m**2/2 - 67*m - 212. What are the prime factors of i(19)?
2, 11
Let p = -249 - -244. Let x(z) = -99*z + 70. What are the prime factors of x(p)?
5, 113
Let x(i) = -i**3 + 27*i**2 - 56*i - 295. What are the prime factors of x(-19)?
5, 139
Let l(f) = -f**3 + 5*f**2 + 2*f - 11. Let r be l(5). Let c(b) = -3*b**2 + 2*b + 1. Let m be c(r). List the prime factors of m - -3 - (-1 + 0)*67.
2, 3, 11
Let b(q) = q**3 - 6*q**2 - 13*q + 1. Suppose -2*f + 5*s = -29, -4*s - 12 = -0. Let x(v) = -3*v + 30. Let o be x(f). What are the prime factors of b(o)?
127
Let y = 3828 - 2091. Suppose 26*x + y = 29*x. What are the prime factors of x?
3, 193
Let y be 744/126 + 12/126. Suppose -7259 = -4*p + 3*s, 5*p = -s + y*s + 9070. What are the prime factors of p?
23, 79
Let a = 2080 - 1338. Let w = -437 + a. What are the prime factors of w?
5, 61
Suppose 2*d + 10 = 4*d. Let j(o) = -2*o**3 + 2*o**2 + 3*o + 151. Let q be j(0). Suppose d*h = 20, n + 4*n - h = q. What are the prime factors of n?
31
Let o be ((-2)/(-9) + 52247/(-9))/(-1). Suppose 0 = -2*p, 5*h + 13*p - 11*p - o = 0. List the prime factors of h.
3, 43
Suppose -9*q - 3435 = 26886. Let p = 4880 + q. What are the prime factors of p?
1511
Let x(t) = -2*t**3 - 36*t**2 + 305*t + 25. List the prime factors of x(-33).
2, 5, 31, 73
Suppose -m = 3*l + 2 - 14, -4*m - 3*l + 12 = 0. Let s be (-2272)/(-14) + (-36)/126. Suppose -9*g = -m*g - s. List the prime factors of g.
2, 3
Let b(j) = 88*j**3 + 5*j**2 + 11*j - 160. What are the prime factors of b(5)?
2, 5, 19, 29
Suppose 0 = -431*g + 432*g - 17806. What are the prime factors of g?
2, 29, 307
Suppose -13*u = 4*u - 6*u. Suppose m + u*m = 535. List the prime factors of m.
5, 107
Let l = -152 - -162. Suppose -5*n - l*n = -5595. What are the prime factors of n?
373
Suppose 13*u - 4*u - 18 = 0. Suppose 0 = -i - u*p + 389, -5 = -p + 2*p. Let x = i - 200. What are the prime factors of x?
199
Let t = -47055 - -72230. List the prime factors of t.
5, 19, 53
Suppose -21*q + 311716 = 32*q - 30028. What are the prime factors of q?
2, 13, 31
Suppose 4*x - 1745 = -5*k, 4*x - x = 0. Suppose 401 = 5*c - k. What are the prime factors of c?
2, 3, 5
Let g(w) = -21*w**3 - 21*w**2 + 64*w + 364. What are the prime factors of g(-11)?
2, 5, 23, 109
Suppose 0 = -5*j - 5*d + 25, d - 24 + 1 = -3*j. Let p be (-128)/(-22) + (-16)/(-88). Let l = j + p. List the prime factors of l.
3, 5
Let r = 10458 - 1267. What are the prime factors of r?
7, 13, 101
Let j = -26 - -23. Let m = 119 - 113. What are the prime factors of (j - -2)*-1 - (-71 - m)?
2, 3, 13
Suppose -2*j - 16 = -4*p, 19 + 11 = 5*j + 4*p. Suppose 2*b = j*g + 2130, 2*g + 287 - 2405 = -2*b. List the prime factors of b.
2, 3, 59
Let f(l) = -5*l + 189. Let b be f(30). Suppose b*h - 12*h - 35613 = 0. List the prime factors of h.
1319
What are the prime factors of ((-8640)/1600)/((-3)/2030)?
2, 3, 7, 29
Let i = 406 - 719. Let v be ((-412)/12)/(3/9). Let j = v - i. What are the prime factors of j?
2, 3, 5, 7
Suppose -1381 = 5*y + 4*s - 191, -2*s - 716 = 3*y. Let g = 969 + y. List the prime factors of g.
727
Let s be 0 + 2 + -3*(-6)/(-18). Let b = -1 + 22. Let h = s + b. What are the prime factors of h?
2, 11
Let c(l) = -3*l**3 - 103*l**2 - 35*l + 61. Let x be c(-34). Let r = x + -4. List the prime factors of r.
7, 13
Let h = 53 + -48. Suppose -x + 7 = h. Suppose 75 = x*a - 175. What are the prime factors of a?
5
Suppose 4 - 10 = b. Let j(d) = 23*d**2 + 6*d. What are the prime factors of j(b